e factors of (6 - (h - -9)) + 302.
3, 101
Suppose 3*q + 8*x - 7*x + 36500 = 0, 0 = -5*q - x - 60830. What are the prime factors of (2/5)/(0 - 3/q)?
2, 811
Let w(c) = -190*c**2 + 28*c - 59. Let z be w(4). Let r = 4511 + z. What are the prime factors of r?
2, 3, 127
Suppose 0 = -v - 193 - 252. Let x = v + 643. List the prime factors of x.
2, 3, 11
Suppose 51*a - 327794 - 57256 = 0. List the prime factors of 38/152 + a/8.
2, 59
Suppose -3*w = -w. Suppose -j - 2*f - 4 = w, -11 = 2*j + f + 4*f. Suppose 2*u + 4*k = 134, -5*u + 104 = -j*k - 219. List the prime factors of u.
5, 13
Let d(n) = 3*n**2 + 32*n - 964. List the prime factors of d(24).
2, 383
Let j(p) = -p**3 + 61*p**2 - 125*p - 365. List the prime factors of j(55).
2, 5, 1091
Let t(j) = 214*j - 66. Let g(k) = 636*k - 198. Let f(c) = 2*g(c) - 7*t(c). List the prime factors of f(-5).
2, 13, 23
Let m(q) = -133*q - 1431. List the prime factors of m(-48).
3, 13, 127
Suppose -2*t + 84895 = s, -45*t + 40*t + 5*s + 212275 = 0. List the prime factors of 5 - t/(-27) - (-2)/(-9).
19, 83
Let l = 7 - 4. Suppose -3*w = -4*p + 10, 2*w = -19*p + 15*p + 20. Suppose 0 = l*b - w*h - 69, 0 = 4*b - 4*h - 123 + 27. List the prime factors of b.
3, 7
Suppose 13*b + 2298 = 7*b. Let k = b + 681. List the prime factors of k.
2, 149
Let m = 344 - -1725. List the prime factors of m.
2069
Let n(b) = -1121*b + 5329. List the prime factors of n(-18).
23, 1109
Let i(b) = -671*b - 28. Let f be i(-12). List the prime factors of f/36 + (-7)/(-63).
223
Let r = 3215 + -2552. List the prime factors of r.
3, 13, 17
Let k(l) = 128*l**3 + 4*l**2 - l - 2. Let j be 0 - 2/(-3)*6/4. List the prime factors of k(j).
3, 43
Suppose 0 = -5*j + 8*j + 36. Let l(b) = -3*b - 32. Let m be l(j). Suppose 4*x = -m, 563 - 129 = 4*y + 2*x. List the prime factors of y.
109
Let l = -248 + 250. Suppose 2*m + 2*m + l*k = 1986, 1487 = 3*m + k. What are the prime factors of m?
2, 13, 19
Let w = 44173 - -6318. List the prime factors of w.
7, 7213
Let m = 1872 - -56. List the prime factors of m.
2, 241
Let l(t) = 6*t**2 + t - 1. Suppose -46 + 166 = -8*q. Let g = 16 + q. What are the prime factors of l(g)?
2, 3
Let h(q) = -4*q**2 + 25. Let b(n) = -7*n**2 + n + 49. Let u(x) = -3*b(x) + 5*h(x). Let r be u(7). Suppose 3*z + r = 51. What are the prime factors of z?
3, 5
Let s(f) = f**2 + 13*f - 8. Let d be s(-12). What are the prime factors of 5/(d/(-4))*263?
263
Let m = 22 + -18. Suppose m*h + 5*r - 103 = 0, -5*h + 105 = -h + 3*r. Let o = 52 - h. What are the prime factors of o?
5
Let i be (-45)/(-54)*-3*(-2 - 780). Let y = i + -927. List the prime factors of y.
2, 257
Let d be (-6)/(-21) - (-96)/(-42). Let w be 2 + ((-31)/(-2) - d/(-4)). Suppose -i - 5*p + w = -32, 3*p - 111 = -3*i. What are the prime factors of i?
2, 17
Suppose 4*s - 2*m = -17022 + 58862, 4*m - 41864 = -4*s. List the prime factors of s.
2, 5231
Let d = -137 - -133. What are the prime factors of ((-53)/d)/(19/228)?
3, 53
Let p(i) = 43*i - 149*i + 10 + i**2 + 49*i + 5*i**3 + 51*i. List the prime factors of p(4).
2, 7, 23
Let n(q) = -7 + 19 + 39*q**2 - 22*q**2 - 13*q - 9*q**2. What are the prime factors of n(8)?
2, 3, 5, 7
Suppose -2*j + 8 = 3*h, 4*h + j = -0*h + 9. What are the prime factors of ((-665)/38)/(h/(-60))?
3, 5, 7
Let j(w) = -5*w**3 + 2*w**2 + 2*w - 1. Let q be j(-1). What are the prime factors of (-17)/((-119)/3948) + q?
2, 71
Let f = -403 + 718. Let s(v) = 434*v**3 + 2*v**2 - v. Let a be s(1). Suppose 4*x + 0*w = -5*w + f, 5*x = 2*w + a. What are the prime factors of x?
5, 17
Suppose 2*h + 9*g - 10*g = 3, -4*g = 2*h - 8. Suppose 11*n - 714 = 8*n + 5*j, -501 = -h*n - 5*j. List the prime factors of n.
3
Let h(t) = -t**3 + 5*t**2 + 6*t - 21. Let q be h(9). Let l = q + 2039. What are the prime factors of l?
2, 19, 23
Let w = -3057 + 11439. What are the prime factors of w?
2, 3, 11, 127
Let k be (-6)/((-12)/920*-5). Let u be (-1)/(-12)*8 - k/6. Let a(p) = -p**3 + 17*p**2 - 16*p + 6. What are the prime factors of a(u)?
2, 3
What are the prime factors of (-16418006)/(-847) - (4/(-7))/2?
2, 2423
Let u be 1*(-25)/(-5) - 1. Suppose 101 = -u*o + 37. List the prime factors of 4605/20 + (-12)/o.
3, 7, 11
Let f = -281 - -297. Let y = 54 + 72. Let i = y - f. List the prime factors of i.
2, 5, 11
Let k(j) = -j**2 + 14*j - 31. Let o be k(12). List the prime factors of 4 - ((-12)/(-42) - (-961)/o).
3, 47
Suppose -x = -r - 14887, -788*r + 59541 = 4*x - 793*r. List the prime factors of x.
2, 11, 677
Let f be (-323)/(1/(-2) + 27/18). Let i = f + 524. What are the prime factors of i?
3, 67
Let q(m) = 210*m**2 - 3*m - 15. Let g be q(-5). Suppose 11*o - g = 4*o. Suppose -9*j - 84 = -o. List the prime factors of j.
2, 37
Let o = 228 + -224. Suppose -6897 = -5*y + o*f, 4*f - 5532 = -5*y + y. List the prime factors of y.
1381
Let t be 165/275 + 6/(-10). Suppose 7*u - 4*u - 48 = t. List the prime factors of u.
2
Suppose -66 = -3*f - 5*b, 4*b - 11 - 11 = -f. Suppose -5*y + 27 - f = 0, -2*t = -y - 453. List the prime factors of t.
227
Suppose 22235 - 37050 = -2*b + 29119. What are the prime factors of b?
11, 1997
Let u(c) = c**3 - c**2 + 3*c + 203. Suppose -b - 1 = y - 0, -5*b = -2*y + 5. List the prime factors of u(y).
7, 29
Let r(h) = 10 + 18*h + 9 + 2*h**2 - 15*h. Let j(m) = 2*m - 2. Let v be j(-2). List the prime factors of r(v).
73
Suppose 3*i = 7*i + 172. Let s = i - 90. Let b = 34 - s. List the prime factors of b.
167
Let g = 35772 - 20657. What are the prime factors of g?
5, 3023
Suppose 19814 = -62*w + 235512. What are the prime factors of w?
7, 71
Suppose 342*j - 345*j - 2*h + 5975 = 0, 5*j - 4*h - 9951 = 0. List the prime factors of j.
11, 181
Suppose -4*m + 3 = -3*m. Let d be -4 + (1/4)/(m/12). Let j(h) = -3*h**3 + 3*h**2 + 2*h - 2. What are the prime factors of j(d)?
2, 5
Let h = 521 - 302. Suppose -q + h = -113. What are the prime factors of q?
2, 83
Suppose -u + 7 - 2 = 0. Suppose z - 202 = -u*g, 0*g - 374 = -2*z + 5*g. List the prime factors of z.
2, 3
Let m(l) be the first derivative of -303*l**2/2 + 38*l - 239. What are the prime factors of m(-4)?
2, 5
Suppose h + 40587 = b, 0 = 23*h - 24*h - 4. List the prime factors of b.
40583
Let p be 1 + -21 + (-8)/(-2). Let h = p + 20. Let c = h - -9. What are the prime factors of c?
13
Let f(y) = 7*y + 28. Let n be f(-4). Let m(h) = -h**3 + 2*h**2 - 4*h + 424. What are the prime factors of m(n)?
2, 53
Let c(a) = 14*a + 73. Let y be c(-5). Suppose k + 487 = y*s, -s + 57 + 106 = -k. What are the prime factors of s?
2, 3
Let c(t) = 2*t**2 - 69*t - 828. What are the prime factors of c(-33)?
3, 13, 31
List the prime factors of 136/12*(13095/18 + 3).
17, 487
Suppose 0 = -5*x - 5*r + 1880, 4*x - 2284 = -r - 786. Suppose 5*g - x + 4 = 0. What are the prime factors of g?
2, 37
Let x(k) = -k**2 - 2*k - 8. Let v(n) = -2*n - 52. Let f be v(-19). Let a be x(f). List the prime factors of -3 - (4 + 0 + a).
13
Let w = 24 - -7. Suppose 3*n = -3*o + w - 4, -o + 5*n - 9 = 0. List the prime factors of (-26)/o*-3*2.
2, 13
Let o = 115 - 107. Suppose -o*c + 2*c + 5142 = 0. List the prime factors of c.
857
What are the prime factors of -2*((-3918)/12)/(11/286)?
2, 13, 653
Let n be ((-270)/(-20))/(3/8). Suppose 2464 = -n*h + 22660. What are the prime factors of h?
3, 11, 17
Suppose 0 = b - 1 + 2. Let w be (2/5)/(b/(-30)). List the prime factors of 14/(-1 - (-20)/w).
3, 7
What are the prime factors of 8 + -3632*8/(-64)*4?
2, 3, 19
Let h(o) = 4748*o + 232. Let u be h(-5). What are the prime factors of u/24*(-1 - 1/(-3))?
653
What are the prime factors of (-2)/1 - (3/(-30) - 974799/210)?
2, 5, 29
Let f be 6 + 2 + -20 + 16. Let k(s) = 352*s**2 + 2*s + 1. Let p be k(-1). Suppose -p = -f*m + 49. What are the prime factors of m?
2, 5
Suppose -3*g = -10*q + 12*q - 12, -20 = -4*g - 4*q. Suppose -2*h - 4*s + 7*s + 360 = 0, -344 = -g*h - 5*s. List the prime factors of h.
3, 59
Suppose -2487*b + 2480*b = -106932. List the prime factors of b.
2, 3, 19, 67
Let c be ((-307)/5 + -3)/((-2)/70). What are the prime factors of c/12 - (6/(-36))/1?
2, 47
Let w be 104/(-3)*(4 - (-150)/(-24)). Let m = -73 + w. Suppose -3*o = m - 152. What are the prime factors of o?
7
Suppose -20*a = -22*a + 16. Suppose -a*h = 5*h - 130. List the prime factors of ((-358)/(-3))/(h/15).
179
Let n = -18 - -13. Let h b